{"id":331,"date":"2022-04-08T09:07:45","date_gmt":"2022-04-08T08:07:45","guid":{"rendered":"https:\/\/hanse-logistic.de\/?page_id=331"},"modified":"2024-07-06T20:04:22","modified_gmt":"2024-07-06T19:04:22","slug":"speditionsregeln","status":"publish","type":"page","link":"https:\/\/hanse-logistic.de\/index.php\/speditionsregeln\/","title":{"rendered":"Speditionsregeln"},"content":{"rendered":"\n<h4 class=\"wp-block-heading\">1. Bewerbung<\/h4>\n\n\n\n<p>Sofern Du das Mindestalter von 16 Jahren erreicht und eine schriftliche Bewerbung \u00fcber das Bewerbungsformular auf unserer Homepage eingereicht hast, wirst du zu einem Gespr\u00e4ch mit dem Gesch\u00e4ftsf\u00fchrer und der Personalleitung eingeladen.<\/p>\n\n\n\n<h4 class=\"wp-block-heading\">2. Probezeit<\/h4>\n\n\n\n<p>Wenn dein Bewerbungsgespr\u00e4ch positiv verlaufen ist, wirst du als Probefahrer f\u00fcr eine Probezeit von mindestens 2 Wochen eingestellt. Die Probezeit wird individuell auf Dich angepasst und endet mit einem Gespr\u00e4ch mit der Personalleitung.<\/p>\n\n\n\n<h4 class=\"wp-block-heading\">3. Abrechnungssoftware<\/h4>\n\n\n\n<p>Die Nutzung der Speditionsverwaltungssoftware \u201e<a href=\"https:\/\/sped-v.de\" target=\"_blank\" rel=\"noreferrer noopener\">SpedV<\/a>\u201c ist verpflichtend und alle gefahrenen Touren sind \u00fcber diese Software abzurechnen.<\/p>\n\n\n\n<h4 class=\"wp-block-heading\">4. Kommunikation innerhalb der Spedition<\/h4>\n\n\n\n<p>Die Kommunikation findet auf unserem Discord Server in den daf\u00fcr vorgesehenen Channels statt.\u00a0<br>Alternativ kann die sprachliche Kommunikation unser TeamSpeak Server genutzt werden.\u00a0<br>Interne Absprachen bleiben intern und werden nicht nach au\u00dfen getragen!<\/p>\n\n\n\n<h4 class=\"wp-block-heading\">5. Fuhrpark<\/h4>\n\n\n\n<p>5.1. Der Fuhrparkmanager ist f\u00fcr die Verwaltung des Fuhrparks zust\u00e4ndig. Der Fuhrparkmanager stimmt anfallende Wartungen und Reparaturen mit den Fahrern ab und plant diese ein.\u00a0<\/p>\n\n\n\n<p>5.2. Die Beschaffung von Ersatzteilen ist Aufgabe des Fuhrparkmanagers. Er stimmt sich hierbei mit der Disposition f\u00fcr die Touren ab. Touren f\u00fcr Ersatzteile m\u00fcssen zuerst immer intern ausgeschrieben werden.<\/p>\n\n\n\n<p>5.3. Jedem Berufskraftfahrer steht ein LKW zu, er hat hierbei die freie LKW-Wahl.<\/p>\n\n\n\n<p>5.4 Einem Probefahrer steht kein LKW zu. Probefahrer m\u00fcssen mit einem Miet-LKW w\u00e4hrend der Probezeit fahren.<\/p>\n\n\n\n<p>5.5. Ein h\u00e4ufiger Wechsel des zugewiesenen LKW ist nicht gew\u00fcnscht, da hierbei sehr hohe Kosten entstehen. Ein Wechsel kann gegen eine SpedV \u00dcberweisung durchgef\u00fchrt werden, hierf\u00fcr bitte bei der Gesch\u00e4ftsf\u00fchrung melden.\u00a0<br>Zus\u00e4tzliche LKWs werden nur nach Absprache mit der Gesch\u00e4ftsf\u00fchrung vergeben.<\/p>\n\n\n\n<h4 class=\"wp-block-heading\">6. Firmenzugeh\u00f6rigkeit<\/h4>\n\n\n\n<p>6.1. Auf TruckersMP muss im Namen des Fahrers das Firmenk\u00fcrzel [HL] getragen werden.\u00a0<\/p>\n\n\n\n<p>6.2. Die Firmenlackierung (LKW &amp; Trailer) ist w\u00e4hrend der freien Fahrt nicht verpflichtend.\u00a0<\/p>\n\n\n\n<p>6.3. W\u00e4hrend Konvois ist die Firmenlackierung verpflichtend. Anleitungen f\u00fcr die Firmenlackierung sind in der Hanse Logistic Cloud hinterlegt.<\/p>\n\n\n\n<h4 class=\"wp-block-heading\">7. Verkehrsregeln<\/h4>\n\n\n\n<p>7.1. Wir fahren stets nach der StVO (Geschwindigkeitsbegrenzungen, Ampeln und Vorfahrt achten, etc.).\u00a0<\/p>\n\n\n\n<p>7.2. In Konvois sind die Konvoiregeln zu beachten.<\/p>\n\n\n\n<p>7.3. Unsere LKWs sind bei 90 km\/h abgeriegelt, daher darf nicht schneller gefahren werden.<\/p>\n\n\n\n<h4 class=\"wp-block-heading\">8. Aktivit\u00e4t<\/h4>\n\n\n\n<p>8.1. Wir haben keine Mindestkilometer oder -auftr\u00e4ge. Jeder Fahrer kann fahren, wenn er Zeit hat.\u00a0<\/p>\n\n\n\n<p>8.2. Bei einer voraussichtlichen Abwesenheit (wie z.B. Urlaub, Arbeit, etc.) ist eine schriftliche Abmeldung f\u00fcr diesen Zeitraum in SpedV einzutragen.\u00a0<\/p>\n\n\n\n<p>8.3. Bei einer Abwesenheit von 8 Wochen wird man automatisch in den Rang \u201einaktive Fahrer\u201c gestuft. Nachdem ein Auftrag gefahren wurde, erh\u00e4lt der Fahrer seinen alten Rang zur\u00fcck.\u00a0<\/p>\n\n\n\n<p>8.4. Wenn ein Probefahrer in seiner Probezeit innerhalb von 4 Wochen keine oder nur sehr wenige Auftr\u00e4ge f\u00e4hrt und auf keine Kontaktaufnahme reagiert, wird er gek\u00fcndigt.\u00a0<\/p>\n\n\n\n<p>8.5. Nach einem Austritt oder einer K\u00fcndigung ist eine Wiedereinstellung nach Absprache mit der Gesch\u00e4ftsf\u00fchrung und Personalleitung m\u00f6glich.<\/p>\n\n\n\n<h4 class=\"wp-block-heading\">9. Erg\u00e4nzende Regelungen\u00a0<\/h4>\n\n\n\n<p>9.1. Die Konvoi-, Discord-, SpedV- und TruckersMP-Regeln sind einzuhalten.\u00a0<\/p>\n\n\n\n<p>9.2. Die Regeln d\u00fcrfen jeder Zeit durch einen einfachen Mehrheitsbeschluss der Teamleitung ge\u00e4ndert werden.\u00a0<\/p>\n\n\n\n<p>9.3. Die Informationspflicht \u00fcber ggf. Neuerungen liegt beim Fahrer selbst.\u00a0<\/p>\n\n\n\n<p>9.4. Kein Fahrer kann sich beschweren, dass er \u00fcber die neuen Regeln nichts gewusst hat.\u00a0<\/p>\n\n\n\n<p class=\"has-text-align-right\"><em>Speditionsregeln zuletzt aktualisiert am 28.03.2022 durch supertoasty<\/em>\u00a0<\/p>\n","protected":false},"excerpt":{"rendered":"<p>1. Bewerbung Sofern Du das Mindestalter von 16 Jahren erreicht und eine schriftliche Bewerbung \u00fcber das Bewerbungsformular auf unserer Homepage eingereicht hast, [&hellip;]<\/p>\n","protected":false},"author":5,"featured_media":0,"parent":0,"menu_order":0,"comment_status":"closed","ping_status":"closed","template":"page-templates\/page_fullwidth.php","meta":{"_uag_custom_page_level_css":"","footnotes":""},"class_list":["post-331","page","type-page","status-publish","hentry"],"yoast_head":"<!-- This site is optimized with the Yoast SEO plugin v27.3 - https:\/\/yoast.com\/product\/yoast-seo-wordpress\/ -->\n<title>Speditionsregeln - Hanse Logistic<\/title>\n<meta name=\"robots\" content=\"index, follow, max-snippet:-1, max-image-preview:large, max-video-preview:-1\" \/>\n<link rel=\"canonical\" href=\"https:\/\/hanse-logistic.de\/index.php\/speditionsregeln\/\" \/>\n<meta property=\"og:locale\" content=\"de_DE\" \/>\n<meta property=\"og:type\" content=\"article\" \/>\n<meta property=\"og:title\" content=\"Speditionsregeln - Hanse Logistic\" \/>\n<meta property=\"og:description\" content=\"1. Bewerbung Sofern Du das Mindestalter von 16 Jahren erreicht und eine schriftliche Bewerbung \u00fcber das Bewerbungsformular auf unserer Homepage eingereicht hast, [&hellip;]\" \/>\n<meta property=\"og:url\" content=\"https:\/\/hanse-logistic.de\/index.php\/speditionsregeln\/\" \/>\n<meta property=\"og:site_name\" content=\"Hanse Logistic\" \/>\n<meta property=\"article:publisher\" content=\"https:\/\/www.facebook.com\/Hanselogistic\/\" \/>\n<meta property=\"article:modified_time\" content=\"2024-07-06T19:04:22+00:00\" \/>\n<meta name=\"twitter:card\" content=\"summary_large_image\" \/>\n<meta name=\"twitter:label1\" content=\"Gesch\u00e4tzte Lesezeit\" \/>\n\t<meta name=\"twitter:data1\" content=\"3\u00a0Minuten\" \/>\n<script type=\"application\/ld+json\" class=\"yoast-schema-graph\">{\"@context\":\"https:\\\/\\\/schema.org\",\"@graph\":[{\"@type\":\"WebPage\",\"@id\":\"https:\\\/\\\/hanse-logistic.de\\\/index.php\\\/speditionsregeln\\\/\",\"url\":\"https:\\\/\\\/hanse-logistic.de\\\/index.php\\\/speditionsregeln\\\/\",\"name\":\"Speditionsregeln - Hanse Logistic\",\"isPartOf\":{\"@id\":\"https:\\\/\\\/hanse-logistic.de\\\/#website\"},\"datePublished\":\"2022-04-08T08:07:45+00:00\",\"dateModified\":\"2024-07-06T19:04:22+00:00\",\"breadcrumb\":{\"@id\":\"https:\\\/\\\/hanse-logistic.de\\\/index.php\\\/speditionsregeln\\\/#breadcrumb\"},\"inLanguage\":\"de\",\"potentialAction\":[{\"@type\":\"ReadAction\",\"target\":[\"https:\\\/\\\/hanse-logistic.de\\\/index.php\\\/speditionsregeln\\\/\"]}]},{\"@type\":\"BreadcrumbList\",\"@id\":\"https:\\\/\\\/hanse-logistic.de\\\/index.php\\\/speditionsregeln\\\/#breadcrumb\",\"itemListElement\":[{\"@type\":\"ListItem\",\"position\":1,\"name\":\"Home\",\"item\":\"https:\\\/\\\/hanse-logistic.de\\\/\"},{\"@type\":\"ListItem\",\"position\":2,\"name\":\"Speditionsregeln\"}]},{\"@type\":\"WebSite\",\"@id\":\"https:\\\/\\\/hanse-logistic.de\\\/#website\",\"url\":\"https:\\\/\\\/hanse-logistic.de\\\/\",\"name\":\"Hanse Logistic\",\"description\":\"\",\"publisher\":{\"@id\":\"https:\\\/\\\/hanse-logistic.de\\\/#organization\"},\"potentialAction\":[{\"@type\":\"SearchAction\",\"target\":{\"@type\":\"EntryPoint\",\"urlTemplate\":\"https:\\\/\\\/hanse-logistic.de\\\/?s={search_term_string}\"},\"query-input\":{\"@type\":\"PropertyValueSpecification\",\"valueRequired\":true,\"valueName\":\"search_term_string\"}}],\"inLanguage\":\"de\"},{\"@type\":\"Organization\",\"@id\":\"https:\\\/\\\/hanse-logistic.de\\\/#organization\",\"name\":\"Hanse Logistic\",\"url\":\"https:\\\/\\\/hanse-logistic.de\\\/\",\"logo\":{\"@type\":\"ImageObject\",\"inLanguage\":\"de\",\"@id\":\"https:\\\/\\\/hanse-logistic.de\\\/#\\\/schema\\\/logo\\\/image\\\/\",\"url\":\"https:\\\/\\\/hanse-logistic.de\\\/wp-content\\\/uploads\\\/2020\\\/12\\\/apple-touch-icon.png\",\"contentUrl\":\"https:\\\/\\\/hanse-logistic.de\\\/wp-content\\\/uploads\\\/2020\\\/12\\\/apple-touch-icon.png\",\"width\":512,\"height\":511,\"caption\":\"Hanse Logistic\"},\"image\":{\"@id\":\"https:\\\/\\\/hanse-logistic.de\\\/#\\\/schema\\\/logo\\\/image\\\/\"},\"sameAs\":[\"https:\\\/\\\/www.facebook.com\\\/Hanselogistic\\\/\"]}]}<\/script>\n<!-- \/ Yoast SEO plugin. -->","yoast_head_json":{"title":"Speditionsregeln - Hanse Logistic","robots":{"index":"index","follow":"follow","max-snippet":"max-snippet:-1","max-image-preview":"max-image-preview:large","max-video-preview":"max-video-preview:-1"},"canonical":"https:\/\/hanse-logistic.de\/index.php\/speditionsregeln\/","og_locale":"de_DE","og_type":"article","og_title":"Speditionsregeln - Hanse Logistic","og_description":"1. Bewerbung Sofern Du das Mindestalter von 16 Jahren erreicht und eine schriftliche Bewerbung \u00fcber das Bewerbungsformular auf unserer Homepage eingereicht hast, [&hellip;]","og_url":"https:\/\/hanse-logistic.de\/index.php\/speditionsregeln\/","og_site_name":"Hanse Logistic","article_publisher":"https:\/\/www.facebook.com\/Hanselogistic\/","article_modified_time":"2024-07-06T19:04:22+00:00","twitter_card":"summary_large_image","twitter_misc":{"Gesch\u00e4tzte Lesezeit":"3\u00a0Minuten"},"schema":{"@context":"https:\/\/schema.org","@graph":[{"@type":"WebPage","@id":"https:\/\/hanse-logistic.de\/index.php\/speditionsregeln\/","url":"https:\/\/hanse-logistic.de\/index.php\/speditionsregeln\/","name":"Speditionsregeln - Hanse Logistic","isPartOf":{"@id":"https:\/\/hanse-logistic.de\/#website"},"datePublished":"2022-04-08T08:07:45+00:00","dateModified":"2024-07-06T19:04:22+00:00","breadcrumb":{"@id":"https:\/\/hanse-logistic.de\/index.php\/speditionsregeln\/#breadcrumb"},"inLanguage":"de","potentialAction":[{"@type":"ReadAction","target":["https:\/\/hanse-logistic.de\/index.php\/speditionsregeln\/"]}]},{"@type":"BreadcrumbList","@id":"https:\/\/hanse-logistic.de\/index.php\/speditionsregeln\/#breadcrumb","itemListElement":[{"@type":"ListItem","position":1,"name":"Home","item":"https:\/\/hanse-logistic.de\/"},{"@type":"ListItem","position":2,"name":"Speditionsregeln"}]},{"@type":"WebSite","@id":"https:\/\/hanse-logistic.de\/#website","url":"https:\/\/hanse-logistic.de\/","name":"Hanse Logistic","description":"","publisher":{"@id":"https:\/\/hanse-logistic.de\/#organization"},"potentialAction":[{"@type":"SearchAction","target":{"@type":"EntryPoint","urlTemplate":"https:\/\/hanse-logistic.de\/?s={search_term_string}"},"query-input":{"@type":"PropertyValueSpecification","valueRequired":true,"valueName":"search_term_string"}}],"inLanguage":"de"},{"@type":"Organization","@id":"https:\/\/hanse-logistic.de\/#organization","name":"Hanse Logistic","url":"https:\/\/hanse-logistic.de\/","logo":{"@type":"ImageObject","inLanguage":"de","@id":"https:\/\/hanse-logistic.de\/#\/schema\/logo\/image\/","url":"https:\/\/hanse-logistic.de\/wp-content\/uploads\/2020\/12\/apple-touch-icon.png","contentUrl":"https:\/\/hanse-logistic.de\/wp-content\/uploads\/2020\/12\/apple-touch-icon.png","width":512,"height":511,"caption":"Hanse Logistic"},"image":{"@id":"https:\/\/hanse-logistic.de\/#\/schema\/logo\/image\/"},"sameAs":["https:\/\/www.facebook.com\/Hanselogistic\/"]}]}},"uagb_featured_image_src":{"full":false,"thumbnail":false,"medium":false,"medium_large":false,"large":false,"timeline-express":false,"timeline-express-thumbnail":false,"1536x1536":false,"2048x2048":false,"sydney-large-thumb":false,"sydney-medium-thumb":false,"sydney-small-thumb":false,"sydney-service-thumb":false,"sydney-mas-thumb":false},"uagb_author_info":{"display_name":"supertoasty","author_link":"https:\/\/hanse-logistic.de\/index.php\/author\/supertoasty\/"},"uagb_comment_info":0,"uagb_excerpt":"1. Bewerbung Sofern Du das Mindestalter von 16 Jahren erreicht und eine schriftliche Bewerbung \u00fcber das Bewerbungsformular auf unserer Homepage eingereicht hast, [&hellip;]","_links":{"self":[{"href":"https:\/\/hanse-logistic.de\/index.php\/wp-json\/wp\/v2\/pages\/331","targetHints":{"allow":["GET"]}}],"collection":[{"href":"https:\/\/hanse-logistic.de\/index.php\/wp-json\/wp\/v2\/pages"}],"about":[{"href":"https:\/\/hanse-logistic.de\/index.php\/wp-json\/wp\/v2\/types\/page"}],"author":[{"embeddable":true,"href":"https:\/\/hanse-logistic.de\/index.php\/wp-json\/wp\/v2\/users\/5"}],"replies":[{"embeddable":true,"href":"https:\/\/hanse-logistic.de\/index.php\/wp-json\/wp\/v2\/comments?post=331"}],"version-history":[{"count":1,"href":"https:\/\/hanse-logistic.de\/index.php\/wp-json\/wp\/v2\/pages\/331\/revisions"}],"predecessor-version":[{"id":332,"href":"https:\/\/hanse-logistic.de\/index.php\/wp-json\/wp\/v2\/pages\/331\/revisions\/332"}],"wp:attachment":[{"href":"https:\/\/hanse-logistic.de\/index.php\/wp-json\/wp\/v2\/media?parent=331"}],"curies":[{"name":"wp","href":"https:\/\/api.w.org\/{rel}","templated":true}]}}