{"id":7,"date":"2020-12-17T12:04:04","date_gmt":"2020-12-17T12:04:04","guid":{"rendered":"https:\/\/hanse-logistic.de\/?page_id=7"},"modified":"2024-10-27T19:03:32","modified_gmt":"2024-10-27T18:03:32","slug":"7-2","status":"publish","type":"page","link":"https:\/\/hanse-logistic.de\/","title":{"rendered":"Startseite"},"content":{"rendered":"\n<h1 class=\"wp-block-heading\"><mark style=\"background-color:rgba(0, 0, 0, 0);color:#0000ab\" class=\"has-inline-color\">Herzlich Willkommen bei der Hanse Logistic<\/mark><\/h1>\n\n\n\n<div class=\"wp-block-columns alignwide is-layout-flex wp-container-core-columns-is-layout-28f84493 wp-block-columns-is-layout-flex\">\n<div class=\"wp-block-column is-layout-flow wp-block-column-is-layout-flow\">\n<p>Wir die Hanse Logistic bestehen seit 21. Oktober 2019. In unserer virtuellen Spedition bist Du nicht irgendwer, sondern wirst bei vielen Belangen mitentscheiden k\u00f6nnen. Nach ca. eine Wochen Probezeit wird das Team entscheiden, ob Du als \u201eFahrer\/in\u201c zu uns passt oder nicht.<\/p>\n\n\n\n<p>Unsere gr\u00f6\u00dfte St\u00e4rke ist die Vielseitigkeit und Flexibilit\u00e4t. Wir fahren stets nach der StVO! Spa\u00df beim Fahren soll nat\u00fcrlich nicht zu kurz kommen. Um eine Kommunikation sicher zu stellen nutzen wir einen Discord Server. Wichtig ist, dass der Spa\u00df immer im Vordergrund steht!<\/p>\n\n\n\n<p>F\u00fcr die Hanse Logistic kann im Single- oder Multiplayer gefahren werden. F\u00fcr gemeinsame Touren im Mutliplayer nutzen wir folgende Mods und DLC\u2019s:<\/p>\n\n\n\n<p><strong>Empfehlenswert:<\/strong><\/p>\n\n\n\n<ul class=\"wp-block-list\">\n<li>Mod: ProMods 2.72<\/li>\n\n\n\n<li>Mod: ProMods Middle East 2.72<\/li>\n\n\n\n<li>Mod: ProMods The Great Steppe 1.2.1<\/li>\n\n\n\n<li>Mod: ProMods Trailer &amp; Company Pack 1.52<\/li>\n\n\n\n<li>Mod: ProMods Cabin Accessories Pack 1.52<\/li>\n\n\n\n<li>DLC: Beyond the Baltic Sea<\/li>\n\n\n\n<li>DLC: Italia<\/li>\n\n\n\n<li>DLC: Vive la France!<\/li>\n\n\n\n<li>DLC: Going East!<\/li>\n\n\n\n<li>DLC: Scandinavia<\/li>\n\n\n\n<li>DLC: Road to The Black Sea<\/li>\n\n\n\n<li>DLC: Iberia<\/li>\n\n\n\n<li>DLC: West Balkans<\/li>\n<\/ul>\n\n\n\n<p><strong>W\u00fcnschenswert:<\/strong><\/p>\n\n\n\n<ul class=\"wp-block-list\">\n<li>DLC: High Power Cargo Pack<\/li>\n\n\n\n<li>DLC: Heavy Cargo Pack<\/li>\n\n\n\n<li>DLC: Krone Trailer Pack<\/li>\n\n\n\n<li>DLC: Schwarzm\u00fcller Trailer Pack<\/li>\n\n\n\n<li>DLC: Actros Tuning Pack<\/li>\n\n\n\n<li>DLC: Michelin Fan Pack<\/li>\n\n\n\n<li>DLC: Cabin Acessories<\/li>\n\n\n\n<li>DLC: XF Tuning Pack<\/li>\n\n\n\n<li>HS-Schoch Tuning Pack<\/li>\n\n\n\n<li>FH Tuning Pack<\/li>\n\n\n\n<li>SpedV Kontormod<\/li>\n<\/ul>\n\n\n\n<p><\/p>\n<\/div>\n\n\n\n<div class=\"wp-block-column is-layout-flow wp-block-column-is-layout-flow\" style=\"flex-basis:25%\"><\/div>\n\n\n\n<div class=\"wp-block-column is-layout-flow wp-block-column-is-layout-flow\">\n<iframe loading=\"lazy\" src=\"https:\/\/discord.com\/widget?id=937805457442099240&amp;theme=dark\" allowtransparency=\"true\" sandbox=\"allow-popups allow-popups-to-escape-sandbox allow-same-origin allow-scripts\" width=\"350\" height=\"500\" frameborder=\"0\"><\/iframe>\n\n\n\n<iframe loading=\"lazy\" id=\"widget\" name=\"widget\" border=\"0\" style=\"border:0px\" allowtransparency=\"true\" scrolling=\"no\" src=\"\/\/laut.fm\/widgets\/player_for\/simliveradio,?player%5Bstations%5D=simliveradio%2C&amp;player%5Bcolor%5D%5Bcolor%5D=white&amp;player%5Bshadow%5D=false&amp;player%5Bdisplay%5D%5Bborder%5D%5Bradius%5D=10px&amp;player%5Bcolor%5D%5Bbackground_to%5D=%23666666&amp;player%5Bcolor%5D%5Bbackground_from%5D=%23333333&amp;player%5Bborder%5D%5Bcolor%5D=%23cccccc&amp;player%5Bborder%5D%5Bwidth%5D=0px&amp;player%5Bbutton%5D%5Bcolor%5D%5Bbackground_to%5D=%23333333&amp;player%5Bbutton%5D%5Bcolor%5D%5Bbackground_from%5D=%23111111&amp;player%5Bbutton%5D%5Bborder%5D%5Bcolor%5D=%23333333&amp;player%5Bbutton%5D%5Bborder%5D%5Bwidth%5D=2px\" width=\"350\" height=\"190\">widget<\/iframe>\n<\/div>\n<\/div>\n\n\n\n<p>Es k\u00f6nnen Touren sowohl mit eigenem Trailer in der Firmenlackierung gefahren werden, als auch mit den Standard Trailern. Wir fahren alles von kleinen G\u00fctern bis zum Schwertransport.<\/p>\n\n\n\n<p>Ab 18 Jahren (Ausnahmen ab 16 Jahren sind m\u00f6glich) kannst Du unserem Team beitreten und ein Teil unserer virtuellen Spedition werden.<\/p>\n\n\n\n<p>Haben wir Dein Interesse geweckt? Dann meld Dich gerne bei uns im <a href=\"https:\/\/discord.hanse-logistic.de\">Discord<\/a> oder bewirb Dich direkt <a href=\"https:\/\/hanse-logistic.de\/bewerbung.php\">hier<\/a>.<\/p>\n\n\n\n<h2 class=\"wp-block-heading\"><mark style=\"background-color:rgba(0, 0, 0, 0);color:#0000ab\" class=\"has-inline-color\">Hanse Logistic \u2013 Wir fahren da, wo andere umdrehen!<\/mark><\/h2>\n\n\n\n<div class=\"wp-block-buttons is-horizontal is-content-justification-center is-layout-flex wp-container-core-buttons-is-layout-03627597 wp-block-buttons-is-layout-flex\">\n<div class=\"wp-block-button\"><a class=\"wp-block-button__link has-white-color has-text-color has-background wp-element-button\" href=\"https:\/\/hanse-logistic.de\/index.php\/bewerbungsformular\/\" style=\"background-color:#0000ab\" rel=\"https:\/\/hanse-logistic.de\/index.php\/bewerbungsformular\/\">Jetzt Bewerben!<\/a><\/div>\n\n\n\n<div class=\"wp-block-button\"><a class=\"wp-block-button__link has-white-color has-text-color has-background wp-element-button\" href=\"https:\/\/store.steampowered.com\/app\/839200\/SpedV\/?l=german\" style=\"background-color:#0000ab\" target=\"_blank\" rel=\"https:\/\/pada.fphst.de\/Updates\/SpedV\/Client\/FPH%20SpedV%20Install.exe noopener noreferrer\">SpedV Download<\/a><\/div>\n\n\n\n<div class=\"wp-block-button\"><a class=\"wp-block-button__link has-white-color has-text-color has-background wp-element-button\" href=\"https:\/\/discord.hanse-logistic.de\" style=\"background-color:#0000ab\" target=\"_blank\" rel=\"https:\/\/discord.com\/invite\/E8vst8w noopener\">Discord<\/a><\/div>\n<\/div>\n\n\n\n<p><\/p>\n","protected":false},"excerpt":{"rendered":"<p>Herzlich Willkommen bei der Hanse Logistic Wir die Hanse Logistic bestehen seit 21. Oktober 2019. In unserer virtuellen Spedition bist Du nicht [&hellip;]<\/p>\n","protected":false},"author":1,"featured_media":0,"parent":0,"menu_order":0,"comment_status":"closed","ping_status":"closed","template":"page-templates\/page_front-page.php","meta":{"_uag_custom_page_level_css":"","footnotes":""},"class_list":["post-7","page","type-page","status-publish","hentry"],"yoast_head":"<!-- This site is optimized with the Yoast SEO plugin v27.3 - https:\/\/yoast.com\/product\/yoast-seo-wordpress\/ -->\n<title>Startseite - Hanse Logistic<\/title>\n<meta name=\"robots\" content=\"index, follow, max-snippet:-1, max-image-preview:large, max-video-preview:-1\" \/>\n<link rel=\"canonical\" href=\"https:\/\/hanse-logistic.de\/\" \/>\n<meta property=\"og:locale\" content=\"de_DE\" \/>\n<meta property=\"og:type\" content=\"article\" \/>\n<meta property=\"og:title\" content=\"Startseite - Hanse Logistic\" \/>\n<meta property=\"og:description\" content=\"Herzlich Willkommen bei der Hanse Logistic Wir die Hanse Logistic bestehen seit 21. Oktober 2019. In unserer virtuellen Spedition bist Du nicht [&hellip;]\" \/>\n<meta property=\"og:url\" content=\"https:\/\/hanse-logistic.de\/\" \/>\n<meta property=\"og:site_name\" content=\"Hanse Logistic\" \/>\n<meta property=\"article:publisher\" content=\"https:\/\/www.facebook.com\/Hanselogistic\/\" \/>\n<meta property=\"article:modified_time\" content=\"2024-10-27T18:03:32+00:00\" \/>\n<meta name=\"twitter:card\" content=\"summary_large_image\" \/>\n<meta name=\"twitter:label1\" content=\"Gesch\u00e4tzte Lesezeit\" \/>\n\t<meta name=\"twitter:data1\" content=\"2\u00a0Minuten\" \/>\n<script type=\"application\/ld+json\" class=\"yoast-schema-graph\">{\"@context\":\"https:\\\/\\\/schema.org\",\"@graph\":[{\"@type\":\"WebPage\",\"@id\":\"https:\\\/\\\/hanse-logistic.de\\\/\",\"url\":\"https:\\\/\\\/hanse-logistic.de\\\/\",\"name\":\"Startseite - Hanse Logistic\",\"isPartOf\":{\"@id\":\"https:\\\/\\\/hanse-logistic.de\\\/#website\"},\"datePublished\":\"2020-12-17T12:04:04+00:00\",\"dateModified\":\"2024-10-27T18:03:32+00:00\",\"breadcrumb\":{\"@id\":\"https:\\\/\\\/hanse-logistic.de\\\/#breadcrumb\"},\"inLanguage\":\"de\",\"potentialAction\":[{\"@type\":\"ReadAction\",\"target\":[\"https:\\\/\\\/hanse-logistic.de\\\/\"]}]},{\"@type\":\"BreadcrumbList\",\"@id\":\"https:\\\/\\\/hanse-logistic.de\\\/#breadcrumb\",\"itemListElement\":[{\"@type\":\"ListItem\",\"position\":1,\"name\":\"Home\",\"item\":\"https:\\\/\\\/hanse-logistic.de\\\/\"},{\"@type\":\"ListItem\",\"position\":2,\"name\":\"Startseite\"}]},{\"@type\":\"WebSite\",\"@id\":\"https:\\\/\\\/hanse-logistic.de\\\/#website\",\"url\":\"https:\\\/\\\/hanse-logistic.de\\\/\",\"name\":\"Hanse Logistic\",\"description\":\"\",\"publisher\":{\"@id\":\"https:\\\/\\\/hanse-logistic.de\\\/#organization\"},\"potentialAction\":[{\"@type\":\"SearchAction\",\"target\":{\"@type\":\"EntryPoint\",\"urlTemplate\":\"https:\\\/\\\/hanse-logistic.de\\\/?s={search_term_string}\"},\"query-input\":{\"@type\":\"PropertyValueSpecification\",\"valueRequired\":true,\"valueName\":\"search_term_string\"}}],\"inLanguage\":\"de\"},{\"@type\":\"Organization\",\"@id\":\"https:\\\/\\\/hanse-logistic.de\\\/#organization\",\"name\":\"Hanse Logistic\",\"url\":\"https:\\\/\\\/hanse-logistic.de\\\/\",\"logo\":{\"@type\":\"ImageObject\",\"inLanguage\":\"de\",\"@id\":\"https:\\\/\\\/hanse-logistic.de\\\/#\\\/schema\\\/logo\\\/image\\\/\",\"url\":\"https:\\\/\\\/hanse-logistic.de\\\/wp-content\\\/uploads\\\/2020\\\/12\\\/apple-touch-icon.png\",\"contentUrl\":\"https:\\\/\\\/hanse-logistic.de\\\/wp-content\\\/uploads\\\/2020\\\/12\\\/apple-touch-icon.png\",\"width\":512,\"height\":511,\"caption\":\"Hanse Logistic\"},\"image\":{\"@id\":\"https:\\\/\\\/hanse-logistic.de\\\/#\\\/schema\\\/logo\\\/image\\\/\"},\"sameAs\":[\"https:\\\/\\\/www.facebook.com\\\/Hanselogistic\\\/\"]}]}<\/script>\n<!-- \/ Yoast SEO plugin. -->","yoast_head_json":{"title":"Startseite - Hanse Logistic","robots":{"index":"index","follow":"follow","max-snippet":"max-snippet:-1","max-image-preview":"max-image-preview:large","max-video-preview":"max-video-preview:-1"},"canonical":"https:\/\/hanse-logistic.de\/","og_locale":"de_DE","og_type":"article","og_title":"Startseite - Hanse Logistic","og_description":"Herzlich Willkommen bei der Hanse Logistic Wir die Hanse Logistic bestehen seit 21. Oktober 2019. In unserer virtuellen Spedition bist Du nicht [&hellip;]","og_url":"https:\/\/hanse-logistic.de\/","og_site_name":"Hanse Logistic","article_publisher":"https:\/\/www.facebook.com\/Hanselogistic\/","article_modified_time":"2024-10-27T18:03:32+00:00","twitter_card":"summary_large_image","twitter_misc":{"Gesch\u00e4tzte Lesezeit":"2\u00a0Minuten"},"schema":{"@context":"https:\/\/schema.org","@graph":[{"@type":"WebPage","@id":"https:\/\/hanse-logistic.de\/","url":"https:\/\/hanse-logistic.de\/","name":"Startseite - Hanse Logistic","isPartOf":{"@id":"https:\/\/hanse-logistic.de\/#website"},"datePublished":"2020-12-17T12:04:04+00:00","dateModified":"2024-10-27T18:03:32+00:00","breadcrumb":{"@id":"https:\/\/hanse-logistic.de\/#breadcrumb"},"inLanguage":"de","potentialAction":[{"@type":"ReadAction","target":["https:\/\/hanse-logistic.de\/"]}]},{"@type":"BreadcrumbList","@id":"https:\/\/hanse-logistic.de\/#breadcrumb","itemListElement":[{"@type":"ListItem","position":1,"name":"Home","item":"https:\/\/hanse-logistic.de\/"},{"@type":"ListItem","position":2,"name":"Startseite"}]},{"@type":"WebSite","@id":"https:\/\/hanse-logistic.de\/#website","url":"https:\/\/hanse-logistic.de\/","name":"Hanse Logistic","description":"","publisher":{"@id":"https:\/\/hanse-logistic.de\/#organization"},"potentialAction":[{"@type":"SearchAction","target":{"@type":"EntryPoint","urlTemplate":"https:\/\/hanse-logistic.de\/?s={search_term_string}"},"query-input":{"@type":"PropertyValueSpecification","valueRequired":true,"valueName":"search_term_string"}}],"inLanguage":"de"},{"@type":"Organization","@id":"https:\/\/hanse-logistic.de\/#organization","name":"Hanse Logistic","url":"https:\/\/hanse-logistic.de\/","logo":{"@type":"ImageObject","inLanguage":"de","@id":"https:\/\/hanse-logistic.de\/#\/schema\/logo\/image\/","url":"https:\/\/hanse-logistic.de\/wp-content\/uploads\/2020\/12\/apple-touch-icon.png","contentUrl":"https:\/\/hanse-logistic.de\/wp-content\/uploads\/2020\/12\/apple-touch-icon.png","width":512,"height":511,"caption":"Hanse Logistic"},"image":{"@id":"https:\/\/hanse-logistic.de\/#\/schema\/logo\/image\/"},"sameAs":["https:\/\/www.facebook.com\/Hanselogistic\/"]}]}},"uagb_featured_image_src":{"full":false,"thumbnail":false,"medium":false,"medium_large":false,"large":false,"timeline-express":false,"timeline-express-thumbnail":false,"1536x1536":false,"2048x2048":false,"sydney-large-thumb":false,"sydney-medium-thumb":false,"sydney-small-thumb":false,"sydney-service-thumb":false,"sydney-mas-thumb":false},"uagb_author_info":{"display_name":"Administrator","author_link":"https:\/\/hanse-logistic.de\/index.php\/author\/administrator\/"},"uagb_comment_info":0,"uagb_excerpt":"Herzlich Willkommen bei der Hanse Logistic Wir die Hanse Logistic bestehen seit 21. Oktober 2019. In unserer virtuellen Spedition bist Du nicht [&hellip;]","_links":{"self":[{"href":"https:\/\/hanse-logistic.de\/index.php\/wp-json\/wp\/v2\/pages\/7","targetHints":{"allow":["GET"]}}],"collection":[{"href":"https:\/\/hanse-logistic.de\/index.php\/wp-json\/wp\/v2\/pages"}],"about":[{"href":"https:\/\/hanse-logistic.de\/index.php\/wp-json\/wp\/v2\/types\/page"}],"author":[{"embeddable":true,"href":"https:\/\/hanse-logistic.de\/index.php\/wp-json\/wp\/v2\/users\/1"}],"replies":[{"embeddable":true,"href":"https:\/\/hanse-logistic.de\/index.php\/wp-json\/wp\/v2\/comments?post=7"}],"version-history":[{"count":25,"href":"https:\/\/hanse-logistic.de\/index.php\/wp-json\/wp\/v2\/pages\/7\/revisions"}],"predecessor-version":[{"id":484,"href":"https:\/\/hanse-logistic.de\/index.php\/wp-json\/wp\/v2\/pages\/7\/revisions\/484"}],"wp:attachment":[{"href":"https:\/\/hanse-logistic.de\/index.php\/wp-json\/wp\/v2\/media?parent=7"}],"curies":[{"name":"wp","href":"https:\/\/api.w.org\/{rel}","templated":true}]}}